{"id":1092,"date":"2019-01-29T15:40:00","date_gmt":"2019-01-29T15:40:00","guid":{"rendered":"http:\/\/www.nicdarkthemes.com\/themes\/restaurant\/wp\/demo\/restaurant\/?page_id=1092"},"modified":"2019-08-15T15:57:26","modified_gmt":"2019-08-15T18:57:26","slug":"nossa-historia","status":"publish","type":"page","link":"http:\/\/criabr.com.br\/casarrara\/nossa-historia\/","title":{"rendered":"Nossa Hist\u00f3ria"},"content":{"rendered":"<div class=\"wpb-content-wrapper\"><p>[vc_row css=&#8221;.vc_custom_1565291742872{margin-top: 40px !important;margin-bottom: 40px !important;}&#8221;][vc_column width=&#8221;2\/3&#8243; css=&#8221;.vc_custom_1565291774697{margin-right: 15px !important;padding-right: 15px !important;}&#8221;]<div style=\"background-color:;height: 30px\" class=\"nicdark_section  \"><\/div>[vc_column_text css=&#8221;.vc_custom_1565292324537{padding-right: 20px !important;}&#8221;]<\/p>\n<h4 style=\"text-align: justify;\">Fundado em 1986, o Casarrara \u00e9 um dos mais tradicionais restaurantes da cidade de Salvador. Tudo come\u00e7ou quando Dona Gra\u00e7a e seu Trajano, donos de um mercadinho no bairro de Brotas, tiveram a ideia de brindar seus fi\u00e9is clientes com deliciosos tira-gostos caseiros.<\/h4>\n<p>[\/vc_column_text]<div style=\"background-color:;height: 10px\" class=\"nicdark_section  \"><\/div>[vc_column_text css=&#8221;.vc_custom_1565292336302{padding-right: 20px !important;}&#8221;]<\/p>\n<h4 style=\"text-align: justify;\">Com a qualidade dos aperitivos e a amizade prestada pelo casal aos visitantes, a novidade logo ganhou o p\u00fablico do bairro. Percebendo que ainda n\u00e3o havia na regi\u00e3o um ambiente de encontro familiar, onde se desfrutasse de boa comida e bom atendimento, Dona Gra\u00e7a e Seu Trajano montaram um cantinho chamado Bar de Casa.<\/h4>\n<p>[\/vc_column_text]<div style=\"background-color:;height: 10px\" class=\"nicdark_section  \"><\/div>[vc_column_text css=&#8221;.vc_custom_1565292271001{padding-right: 20px !important;}&#8221;]<\/p>\n<h4 style=\"text-align: justify;\">O Bar de Casa tamb\u00e9m n\u00e3o tardou a fazer sucesso nas redondezas, devido ao toque r\u00fastico e elegante que possu\u00eda &#8211; al\u00e9m, \u00e9 claro, do sabor de petiscos como o filezinho, o quibe frito e a moela \u00e0 moda, que \u00e0quela altura j\u00e1 eram os acompanhamentos preferidos de quem apreciava uma boa cerveja gelada no bairro de Brotas. O p\u00fablico habitual foi crescendo e, com ele, era necess\u00e1rio que o aconchegante barzinho tamb\u00e9m crescesse.<\/h4>\n<p>[\/vc_column_text]<div style=\"background-color:;height: 10px\" class=\"nicdark_section  \"><\/div>[vc_column_text css=&#8221;.vc_custom_1565292343398{padding-right: 20px !important;}&#8221;]<\/p>\n<h4 style=\"text-align: justify;\">O espa\u00e7o foi ampliado e o card\u00e1pio ganhou novidades, reunindo deliciosos pratos da culin\u00e1ria regional e sofisticadas receitas da cozinha internacional. Com a proposta, o Bar de Casa ganhava um novo nome, que logo viria a se tornar sin\u00f4nimo de boa comida: Casarrara.<\/h4>\n<p>[\/vc_column_text][\/vc_column][vc_column width=&#8221;1\/3&#8243; css=&#8221;.vc_custom_1565283015734{padding-right: 15px !important;padding-left: 15px !important;}&#8221;][vc_row_inner][vc_column_inner css=&#8221;.vc_custom_1565200512442{padding-top: 30px !important;padding-right: 30px !important;padding-bottom: 30px !important;padding-left: 30px !important;background-color: #9e630c !important;}&#8221;]\n\n    <div class=\"nd_options_section nd_options_position_relative \">\n\n        <img decoding=\"async\" style=\"top:px\" alt=\"\" class=\"nd_options_position_absolute nd_options_left_0\" width=\"30\" src=\"http:\/\/criabr.com.br\/casarrara\/wp-content\/uploads\/2019\/08\/check.png\">\n\n        <div style=\"padding-left:50px\" class=\"nd_options_section nd_options_box_sizing_border_box\">\n            \n            <h3 class=\"nd_options_second_font nd_options_letter_spacing_2 nd_options_font_weight_lighter \" style=\"margin:0px 0px 3px 0px;color:#ffffff;font-size:13px;line-height:13px\">ENDERE\u00c7O<\/h3> \n            <p class=\"nd_options_second_font  \" style=\"margin:0px;color:#ffffff;font-size:14px;line-height:24px\">Rua Castro Neves, 199<br \/>\nMatatu, Salvador - BA<br \/>\nCEP: 40255-020<\/p> \n            \n\n        <\/div>\n\n    <\/div>\n\n  <div style=\"background-color:;height: 30px\" class=\"nicdark_section  \"><\/div>\n\n    <div class=\"nd_options_section nd_options_position_relative \">\n\n        <img decoding=\"async\" style=\"top:px\" alt=\"\" class=\"nd_options_position_absolute nd_options_left_0\" width=\"30\" src=\"http:\/\/criabr.com.br\/casarrara\/wp-content\/uploads\/2019\/08\/check.png\">\n\n        <div style=\"padding-left:50px\" class=\"nd_options_section nd_options_box_sizing_border_box\">\n            \n            <h3 class=\"nd_options_second_font nd_options_letter_spacing_2 nd_options_font_weight_lighter \" style=\"margin:0px 0px 3px 0px;color:#ffffff;font-size:13px;line-height:13px\">TELEFONE<\/h3> \n            <p class=\"nd_options_second_font  \" style=\"margin:0px;color:#ffffff;font-size:14px;line-height:24px\">71 3322 0006<\/p> \n            \n\n        <\/div>\n\n    <\/div>\n\n  <div style=\"background-color:;height: 30px\" class=\"nicdark_section  \"><\/div>\n\n    <div class=\"nd_options_section nd_options_position_relative \">\n\n        <img decoding=\"async\" style=\"top:px\" alt=\"\" class=\"nd_options_position_absolute nd_options_left_0\" width=\"30\" src=\"http:\/\/criabr.com.br\/casarrara\/wp-content\/uploads\/2019\/08\/check.png\">\n\n        <div style=\"padding-left:50px\" class=\"nd_options_section nd_options_box_sizing_border_box\">\n            \n            <h3 class=\"nd_options_second_font nd_options_letter_spacing_2 nd_options_font_weight_lighter \" style=\"margin:0px 0px 3px 0px;color:#ffffff;font-size:13px;line-height:13px\">E-MAIL<\/h3> \n            <p class=\"nd_options_second_font  \" style=\"margin:0px;color:#ffffff;font-size:14px;line-height:24px\">contato@casarrara.com.br<\/p> \n            \n\n        <\/div>\n\n    <\/div>\n\n  [\/vc_column_inner][\/vc_row_inner]<div style=\"background-color:;height: 20px\" class=\"nicdark_section  \"><\/div>[vc_row_inner][vc_column_inner css=&#8221;.vc_custom_1565206266571{padding-top: 30px !important;padding-right: 30px !important;padding-bottom: 10px !important;padding-left: 30px !important;background-color: #683524 !important;}&#8221;] <h2 style=\"color:#ffffff;padding:px;text-align:center;font-size:12px;line-height:px;letter-spacing: 2px;font-weight:normal\" class=\"   nd_options_first_font \">ENTRE EM<\/h2>  <h1 style=\"color:#ffffff;padding:px;text-align:center;font-size:30px;line-height:px;letter-spacing: 1px;font-weight:normal\" class=\"   nd_options_first_font \">CONTATO<\/h1> <div style=\"background-color:;height: 30px\" class=\"nicdark_section  \"><\/div>\n\n    <!--start form-->\n    <div id=\"nd_options_shortcode_cf7_1099\" class=\"nd_options_section \">\n      \n      <div class=\"nd_options_section nd_options_box_sizing_border_box\">\n        <div class=\"wpcf7\" id=\"wpcf7-f1099-o1\" lang=\"en-US\" dir=\"ltr\">\n<div class=\"screen-reader-response\"><\/div>\n<form action=\"\/casarrara\/wp-json\/wp\/v2\/pages\/1092#wpcf7-f1099-o1\" method=\"post\" class=\"wpcf7-form\" novalidate=\"novalidate\">\n<div>\n<input type=\"hidden\" name=\"_wpcf7\" value=\"1099\" \/>\n<input type=\"hidden\" name=\"_wpcf7_version\" value=\"5.1.4\" \/>\n<input type=\"hidden\" name=\"_wpcf7_locale\" value=\"en_US\" \/>\n<input type=\"hidden\" name=\"_wpcf7_unit_tag\" value=\"wpcf7-f1099-o1\" \/>\n<input type=\"hidden\" name=\"_wpcf7_container_post\" value=\"0\" \/>\n<\/div>\n<div class=\"nd_options_float_left nd_options_box_sizing_border_box nd_options_width_100_percentage_all_iphone_important nd_options_padding_0_right_important_all_iphone nd_options_padding_0_left_important_all_iphone \" style=\"padding: 0px 10px 15px 0px;width:100%\"><span class=\"wpcf7-form-control-wrap email\"><\/span><\/div><div class=\"nd_options_float_left nd_options_box_sizing_border_box nd_options_width_100_percentage_all_iphone_important nd_options_padding_0_right_important_all_iphone nd_options_padding_0_left_important_all_iphone \" style=\"padding: 0px 10px 15px 0px;width:100%\"><span class=\"wpcf7-form-control-wrap message\"><textarea name=\"message\" cols=\"40\" rows=\"5\" class=\"wpcf7-form-control wpcf7-textarea nd_options_background_transparent_important nd_options_placeholder_color_white_important nd_options_color_white\"><\/textarea><\/span><\/div><div class=\"nd_options_float_left nd_options_box_sizing_border_box nd_options_width_100_percentage_all_iphone_important nd_options_padding_0_right_important_all_iphone nd_options_padding_0_left_important_all_iphone \" style=\"padding: 0px 0px 0px 0px;width:100%\"><\/div>\n<div class=\"wpcf7-response-output wpcf7-display-none\"><\/div><\/form><\/div> \n      <\/div>  \n\n    <\/div>\n    <!--end form-->\n\n   [\/vc_column_inner][\/vc_row_inner]<div style=\"background-color:;height: 10px\" class=\"nicdark_section  \"><\/div>[\/vc_column][\/vc_row]<\/p>\n<\/div>","protected":false},"excerpt":{"rendered":"<p>[vc_row css=&#8221;.vc_custom_1565291742872{margin-top: 40px !important;margin-bottom: 40px !important;}&#8221;][vc_column width=&#8221;2\/3&#8243; css=&#8221;.vc_custom_1565291774697{margin-right: 15px !important;padding-right: 15px !important;}&#8221;][vc_column_text css=&#8221;.vc_custom_1565292324537{padding-right: 20px !important;}&#8221;] Fundado em 1986, o Casarrara \u00e9 um dos mais tradicionais restaurantes da cidade de Salvador. Tudo come\u00e7ou quando Dona Gra\u00e7a e seu Trajano, donos de um mercadinho no bairro de Brotas, tiveram a ideia de brindar seus fi\u00e9is clientes com [&hellip;]<\/p>\n","protected":false},"author":1,"featured_media":0,"parent":0,"menu_order":0,"comment_status":"closed","ping_status":"closed","template":"","meta":{"footnotes":""},"class_list":["post-1092","page","type-page","status-publish","hentry"],"_links":{"self":[{"href":"http:\/\/criabr.com.br\/casarrara\/wp-json\/wp\/v2\/pages\/1092","targetHints":{"allow":["GET"]}}],"collection":[{"href":"http:\/\/criabr.com.br\/casarrara\/wp-json\/wp\/v2\/pages"}],"about":[{"href":"http:\/\/criabr.com.br\/casarrara\/wp-json\/wp\/v2\/types\/page"}],"author":[{"embeddable":true,"href":"http:\/\/criabr.com.br\/casarrara\/wp-json\/wp\/v2\/users\/1"}],"replies":[{"embeddable":true,"href":"http:\/\/criabr.com.br\/casarrara\/wp-json\/wp\/v2\/comments?post=1092"}],"version-history":[{"count":31,"href":"http:\/\/criabr.com.br\/casarrara\/wp-json\/wp\/v2\/pages\/1092\/revisions"}],"predecessor-version":[{"id":2076,"href":"http:\/\/criabr.com.br\/casarrara\/wp-json\/wp\/v2\/pages\/1092\/revisions\/2076"}],"wp:attachment":[{"href":"http:\/\/criabr.com.br\/casarrara\/wp-json\/wp\/v2\/media?parent=1092"}],"curies":[{"name":"wp","href":"https:\/\/api.w.org\/{rel}","templated":true}]}}